-1*(-2 - -1). Let g be z(c). Let t = -33 + g. What is the greatest common factor of 14 and t?
14
Suppose 14*r - 16*r = -130. What is the greatest common factor of 13 and r?
13
Suppose 0 = -c - w + 256, -1233 + 213 = -4*c - 3*w. What is the highest common divisor of 28 and c?
28
Let h be 4/(-7) + 3610/70. Suppose l = 5 + h. Calculate the greatest common factor of 14 and l.
14
Let m = 153 - 117. Calculate the highest common factor of 36 and m.
36
Let p be (-22)/3*(-15)/10. Let c be 14/77 - (-86)/p. What is the highest common factor of 48 and c?
8
Suppose -2*r + 154 = 66. What is the greatest common factor of 4 and r?
4
Suppose -2*x - l = 2*x - 27, 2*l = 5*x - 37. What is the greatest common divisor of x and 77?
7
Suppose 3*f = -3 + 30. Calculate the highest common factor of 9 and f.
9
Let h = 73 - 46. What is the greatest common divisor of h and 27?
27
Let z = 23 - -58. What is the greatest common factor of 9 and z?
9
Suppose -25 - 71 = -3*v. Let i(x) = x + 12. Let q be i(-8). Suppose -2*n = 3*o - 4*o - q, -n + o = 0. Calculate the highest common factor of v and n.
4
Let o be ((-2)/(-4))/((-2)/(-4)). Suppose 6 - 11 = 3*j + 4*c, -4*j = 4*c. Calculate the greatest common factor of o and j.
1
Let c = -13 + 25. Let m(x) = -3*x - 1. Let w be m(-3). Calculate the greatest common factor of w and c.
4
Let u(c) = 3*c**2 - 8*c + 7. Let h be u(5). Suppose -h = -2*i - m + 10, -3*m - 40 = -i. Calculate the greatest common divisor of 7 and i.
7
Suppose -3*b = -o - 128, 0 = 5*b - o - 0*o - 212. Calculate the highest common divisor of 63 and b.
21
Let c(s) = s**2 + 9*s + 8. Let w be c(-8). Suppose w = -l + 2 + 16. Calculate the highest common divisor of l and 72.
18
Suppose 5*v = -15, -2*v - 60 = -x + 2*v. Calculate the highest common divisor of x and 6.
6
Let u(m) = 4*m**2 - 4*m + 4. Let r(p) = -5*p**2 + 5*p - 4. Let d(h) = 3*r(h) + 4*u(h). Let x be d(3). Calculate the highest common factor of x and 5.
5
Let m = 25 - -29. What is the highest common factor of m and 6?
6
Let u be (-8)/(-12)*6/4. What is the highest common factor of 8 and u?
1
Suppose 4*z + v = 171, 4*z + 3*v = 146 + 15. Let t = -9 - -14. Suppose t*n = n + z. Calculate the greatest common factor of 11 and n.
11
Let s be -2*1*(-2)/4. Let a be -2 + 987 + (s - -1). Let l be (-1)/(-2) + a/6. Calculate the greatest common divisor of 15 and l.
15
Let m be 14 - (3 + -3 - 2). Let u = 31 - -9. Calculate the greatest common factor of m and u.
8
Let w be (-58 + 1)/(66/(-44)). Suppose -x + 48 = 4*c - c, 5*x - 291 = 2*c. Calculate the greatest common divisor of w and x.
19
Suppose 2*p - 32 = -0*p. Let x = 24 - p. Calculate the highest common divisor of 40 and x.
8
Suppose 4*f + 0 = 44. Calculate the greatest common factor of 11 and f.
11
Let t be (-14)/21 + -2 + 124/6. Suppose -3*x + 36 = -2*x. Calculate the highest common factor of x and t.
18
Suppose 0 = 3*n - 79 - 71. What is the highest common factor of n and 25?
25
Let c be 28/(-21)*(-66)/4. Suppose -3*h - c = -73. Suppose 450 + 162 = 4*n. Calculate the highest common divisor of h and n.
17
Let v = -5 - -8. Let x(t) = 30*t - 1. Let i be x(1). Let f = -20 + i. Calculate the highest common divisor of f and v.
3
Suppose 87 = -8*w + 11*w. What is the highest common factor of w and 145?
29
Let x = -9 + 30. Let g = -17 - -14. Let p be g/(-18)*4*21. What is the greatest common factor of x and p?
7
Let g be (15/6 + -3)*-18. Calculate the highest common divisor of 36 and g.
9
Suppose -2*o + 372 = -3*u, -2*o - 125 = u - 3*o. Let a = -27 - u. Let y = a - -38. What is the greatest common factor of 19 and y?
19
Let r(h) = -5*h**3 - h**2 + h + 1. Suppose -a - 2*w + 0 - 5 = 0, 7 = a - 4*w. Let z be r(a). What is the greatest common factor of z and 20?
4
Let n = -62 + 87. What is the greatest common divisor of n and 5?
5
Let w(g) = -g + 18. Let z be w(0). Suppose -17*f = -23*f + 54. Calculate the greatest common divisor of z and f.
9
Let k(l) = l**3 + l**2. Let j be k(0). Suppose 0 = -j*v - 3*v - c + 88, -5*v = 2*c - 146. Let x = -1 - -7. Calculate the greatest common factor of v and x.
6
Let t be 365/20 + 1/(-4). Let y be -7 - (-2 - (-2)/2). Let g = t + y. Calculate the highest common divisor of g and 18.
6
Let l(g) = -7*g - 2. Let a(n) = n. Let d(w) = 6*a(w) + l(w). Let k be d(-3). Calculate the highest common divisor of 9 and k.
1
Let w be (44/6)/((-16)/(-72)). Calculate the highest common divisor of 22 and w.
11
Suppose 4*f = 3*f + 5. Let w = 16 + f. Let d = -1 - -4. Calculate the greatest common divisor of d and w.
3
Suppose 4*x + 25 - 97 = 0. What is the highest common divisor of x and 72?
18
Let j = 8 - -2. What is the greatest common factor of 80 and j?
10
Let w(h) = h**3 + 4*h**3 - h**2 - 4*h**3 - h - 4. Let b be w(4). Calculate the highest common factor of b and 10.
10
Let i = 61 + 4. Calculate the greatest common divisor of 13 and i.
13
Suppose 4*b = -b - 2*o + 15, -b - 4*o + 3 = 0. Suppose b*a - 2 = 13. What is the greatest common divisor of a and 40?
5
Let l(y) = 10*y**2 - 8*y + 8*y. Let d = -2 - -1. Let s be l(d). What is the greatest common divisor of s and 50?
10
Let p(m) = 2 + 4*m**2 - 12 - 7*m + m. Let k be p(8). Suppose b = 3*w + 9, -2*w + 69 = 4*b - 3*w. What is the greatest common divisor of k and b?
18
Let v = 7 - 5. Suppose 4*c - 8 = -v*t - 0*t, 5*t = -c + 2. Suppose -y = -c*y + 3. Calculate the greatest common factor of y and 33.
3
Suppose -6*l = -l - 105. Suppose d - 5*s - l = 0, 11 = d - 4*s - 6. What is the highest common divisor of 9 and d?
1
Let u be 12/(4/1) - 42*-3. Calculate the greatest common divisor of 43 and u.
43
Suppose 3*d + 1 + 29 = 0. Let j be (2 - 5/2)*d. What is the greatest common divisor of j and 20?
5
Suppose -356 = -4*f + 4. Calculate the highest common divisor of 10 and f.
10
Let v = -181 - -275. Suppose -4*z + v + 170 = 0. What is the highest common divisor of 6 and z?
6
Suppose 0 = -4*h + a + 164, 204 = 4*h + h - a. What is the highest common factor of 4 and h?
4
Let y(h) = -h. Let z be y(-2). Suppose -2*t = -0*t + z. Let l(m) = 2*m**2. Let b be l(t). Calculate the greatest common factor of b and 8.
2
Let i be (-4)/3 + 1034/33. Calculate the highest common factor of i and 270.
30
Let w be 1 + ((-2)/(-2) - 0). Suppose 0 = 3*b - 5*b. Suppose b = g + 1, x = -x - g + 3. What is the greatest common factor of x and w?
2
Let o be 13/5 + 16/40. Suppose r - 6*r + 25 = 0. Suppose -5*q + f + 79 = -3*f, -5*f = -r*q + 80. What is the highest common divisor of q and o?
3
Let c(h) = -h**3 + h**2 - 2*h - 2. Let p be c(-2). What is the highest common divisor of 126 and p?
14
Let x = 60 + -11. Let i = x + -31. Suppose 0 = 5*p - 3*p - i. Calculate the greatest common factor of 63 and p.
9
Let u be (-2)/(-5) + 763/5. What is the greatest common divisor of u and 17?
17
Suppose 7*b - 76 = 624. Calculate the highest common factor of b and 40.
20
Let v = -23 + 33. Calculate the greatest common divisor of v and 40.
10
Suppose 3*u = 2*m + 1, u - 2*m = -0*m - 5. Suppose -u*q + 28 = -q. Calculate the greatest common divisor of 126 and q.
14
Suppose 4*h = -8, -2*h + 3 + 1 = 2*x. Suppose 4 = x*q - 4. Calculate the highest common factor of 3 and q.
1
Suppose -10*s - 21 = -221. Calculate the highest common factor of 4 and s.
4
Let w = -520 + 925. Let s = -275 + w. What is the greatest common divisor of 26 and s?
26
Let s be 2/10 + (-324)/(-5). Calculate the highest common divisor of 13 and s.
13
Suppose -4*g = -4*x - 20, -9 = -5*g - 2*x + 2. Suppose -12 = -g*v - 0*v. What is the highest common factor of v and 28?
4
Let n = -191 + 276. What is the highest common factor of 34 and n?
17
Let a be -10*(-3)/10*2. Let c(j) be the first derivative of 16*j**3/3 + j**2/2 + 2. Let v be c(2). Calculate the greatest common divisor of a and v.
6
Suppose 5*l + 2*d + 3 - 33 = 0, 4*l + d = 24. Let b(a) = 3*a**2 + a. Let u be b(3). What is the highest common divisor of u and l?
6
Suppose -5 = 2*b + 5*d + 20, 5*d = 5*b + 45. Let z be 2/(20/(-6))*b. What is the greatest common divisor of z and 30?
6
Suppose 9*v - 6*v - 51 = 0. What is the greatest common factor of 85 and v?
17
Suppose -5*a - 3*p + 70 = 0, -5*a + 49 = 2*p - 16. Let f = 22 - a. Let z be (-2)/4*-11*22. Calculate the greatest common factor of f and z.
11
Suppose -7*c + 75 = -2*c. Suppose -z + 4*z = -c. L